9*m - 746. Determine f(3).
-8
Let y(q) = -q**3 + 313*q**2 - 18922*q - 4364. Determine y(231).
256
Let n(j) = -653*j - 37812. Give n(-58).
62
Let c(z) = -z**3 + 10*z**2 - 29*z + 48. Calculate c(7).
-8
Let v(j) = -3*j**3 - 74*j**2 - 145*j - 8. Determine v(-2).
10
Let a(y) = -9*y**3 - 269*y**2 + 7773*y - 261. Determine a(18).
9
Let t(o) = 24*o**3 - 13*o + 52. Calculate t(4).
1536
Let l(w) = -1013*w - 5646. Calculate l(-6).
432
Let r(f) = f**3 + 32*f**2 + 7529*f + 249565. Give r(-33).
19
Let a(x) = 143262*x - 285942. Determine a(2).
582
Let m(u) = -116*u + 8863. Determine m(76).
47
Let c(s) = 33281*s - 100083. Give c(3).
-240
Let w(h) = -3*h**3 + 44*h**2 - 116*h + 22. Give w(11).
77
Let w(m) = m**3 - 45*m**2 + 80*m - 1149. Calculate w(44).
435
Let f(z) = 987*z - 3511. Determine f(4).
437
Let f(a) = 1241*a + 76600. Determine f(-62).
-342
Let s(d) = d**3 + 101*d**2 + 760*d - 6254. Give s(-92).
2
Let f(p) = -p**2 + 19*p + 77. What is f(36)?
-535
Let m(c) = -107*c**3 + 2*c**2 - 9*c + 15. What is m(3)?
-2883
Let s(d) = -d**3 + 151*d**2 - 498*d + 398. What is s(2)?
-2
Let p(s) = -704*s**2 + 8570*s - 1463. Determine p(12).
1
Let b(k) = -128*k + 4909. What is b(42)?
-467
Let m(z) = 25*z**2 + 4958*z - 34233. What is m(-205)?
2
Let u(f) = 1586*f**3 + 265*f + 265. What is u(-1)?
-1586
Let w(f) = -61*f**2 + 381*f + 54. Give w(6).
144
Let i(y) = -y**3 + 83*y**2 + 125*y - 2817. What is i(84)?
627
Let f(r) = -3*r**2 + 349*r + 2835. What is f(-8)?
-149
Let w(z) = 13*z**2 - 1705*z + 5122. What is w(128)?
-126
Let f(t) = -t**2 - 19*t + 1099254. Give f(-1058).
-8
Let b(n) = -1137*n - 121608. What is b(-107)?
51
Let v(i) = i**2 - 15*i - 797. Determine v(-21).
-41
Let t(j) = -5*j - 3423. Calculate t(-639).
-228
Let z(j) = j**2 + 591*j - 3595. What is z(6)?
-13
Let j(q) = q**3 + 93*q**2 + 930*q + 7. Determine j(-10).
-993
Let x(g) = -14309*g - 86085. Determine x(-6).
-231
Let o(w) = -w**3 + 131*w**2 + 9319*w - 6750. Give o(182).
-16
Let n(g) = -1082*g + 25891. What is n(24)?
-77
Let x(y) = 2*y**2 + 407*y - 48641. Give x(-288).
31
Let j(u) = 1073*u + 38697. Give j(-36).
69
Let l(j) = 9*j**3 - 16855*j**2 - 3767*j + 39336. What is l(1873)?
3
Let p(k) = -4*k**2 + 58*k + 45. Calculate p(14).
73
Let b(c) = -c**3 - 13*c**2 + 738*c + 817. What is b(-34)?
1
Let p(v) = -1243*v - 142950. What is p(-115)?
-5
Let g(a) = 47*a**2 + 453*a - 452. Determine g(1).
48
Let b(a) = -351*a + 134328. Determine b(379).
1299
Let g(n) = 1964*n - 320110. Give g(163).
22
Let y(l) = 612*l - 35477. Give y(56).
-1205
Let p(r) = 2*r**2 - 530*r + 21163. What is p(49)?
-5
Let r(t) = -t**3 - 221*t**2 + 5717*t + 734281. Calculate r(-232).
1
Let s(r) = -2*r**3 + 473*r**2 - 7307*r + 10335. Give s(220).
-5
Let w(n) = -32*n - 4655. What is w(-52)?
-2991
Let c(t) = 72*t**2 - 3811*t - 22915. What is c(-6)?
2543
Let y(f) = -516656*f + 12916397. Determine y(25).
-3
Let x(y) = -12*y**3 + 15*y**2 - 33*y + 4. What is x(4)?
-656
Let b(g) = 2949*g + 17457. Calculate b(-6).
-237
Let t(k) = 28245*k + 451916. What is t(-16)?
-4
Let x(p) = 56*p**2 + 3527*p + 40263. Give x(-48).
-9
Let t(i) = -i**3 + 145*i**2 - 163*i + 2746. Calculate t(144).
10
Let p(o) = -4865*o - 350271. What is p(-72)?
9
Let v(g) = -g**3 + 66*g**2 + 759*g - 165. Determine v(-10).
-155
Let i(x) = 4*x**3 - 31*x**2 + 565*x - 4571. Give i(8).
13
Let n(q) = -2*q**3 + 1343*q**2 - 222*q - 301201. Give n(671).
78
Let u(m) = 3*m**2 - 2291*m + 197399. Calculate u(99).
-7
Let a(t) = 13*t**2 + 1335*t + 8027. Give a(-6).
485
Let o(x) = x**3 + 27*x**2 - 226*x - 42. What is o(7)?
42
Let n(l) = l**3 + 36*l**2 + 178*l + 3707. Give n(-34).
-33
Let p(b) = -2*b**3 + 12*b**2 + 72*b - 247. Determine p(13).
-1677
Let a(v) = -625*v - 9319. What is a(-15)?
56
Let h(k) = 2*k**3 + 18*k**2 - 21*k + 74. Determine h(6).
1028
Let m(p) = 5002*p - 105047. Determine m(21).
-5
Let t(q) = -312*q + 5413. Determine t(18).
-203
Let z(l) = -31*l**3 + 205*l**2 + 4*l - 28. What is z(6)?
680
Let g(j) = -92445*j + 22833929. Give g(247).
14
Let x(k) = -387866*k + 1163627. Give x(3).
29
Let c(z) = -2*z**3 - 41*z**2 + 504*z - 1982. Determine c(-30).
-2
Let y(c) = -c**3 + 15*c**2 - 441*c + 2318. Determine y(6).
-4
Let z(v) = -5*v**2 + 2022*v - 73550. Determine z(364).
-22
Let f(u) = 13263*u - 26714. Determine f(2).
-188
Let x(a) = 4*a**3 + 115*a**2 + 64*a - 577. Calculate x(-28).
-17
Let x(y) = 4527*y - 103137. Give x(23).
984
Let x(d) = -527*d - 27923. Calculate x(-53).
8
Let r(t) = 25*t**3 + 117*t**2 + 35*t + 99. What is r(-3)?
372
Let q(o) = -11*o**2 + 414*o + 2836. Determine q(-6).
-44
Let j(p) = p**3 + 28*p**2 + 5*p - 2611. Determine j(-23).
-81
Let a(s) = 27*s**2 + 3803*s - 581. Give a(-141).
-17
Let a(v) = 13*v**2 - 1374*v - 1053. Give a(107).
766
Let h(f) = f**3 - 15*f**2 - 112*f + 224. What is h(20)?
-16
Let f(q) = -38623*q - 8806047. What is f(-228)?
-3
Let f(o) = -2*o**3 - 1015*o**2 + 26081*o + 6896. Give f(-532).
-20
Let z(l) = 2939*l + 17639. Determine z(-6).
5
Let y(w) = 69*w**3 - 895*w**2 - 16*w + 155. What is y(13)?
285
Let q(m) = 10589*m - 635338. Calculate q(60).
2
Let z(i) = -i**3 + 13*i**2 - 91*i + 583. What is z(10)?
-27
Let q(d) = -d**2 - 202*d + 2972. Give q(14).
-52
Let o(s) = -s**3 - 149*s**2 - 811*s + 6720. Give o(-143).
-1
Let d(l) = 2*l**3 - 1691*l**2 - 11938*l - 29. What is d(-7)?
-8
Let c(z) = -888*z + 14897. Determine c(11).
5129
Let a(o) = -9*o**2 - 965*o - 2396. Determine a(-105).
-296
Let w(d) = -77*d**2 - 4392*d + 4279. What is w(-58)?
-13
Let l(d) = d**3 + 23*d**2 - 13*d - 1255. Determine l(-21).
-100
Let b(o) = 146108*o + 23815596. Determine b(-163).
-8
Let t(k) = 3*k**3 - 302*k**2 + 1075*k - 87494. Calculate t(100).
6
Let n(u) = 2*u**2 + 4570*u + 335846. Give n(-76).
78
Let c(m) = -2*m**3 + 12*m**2 - 1990*m + 15970. Determine c(8).
-206
Let b(w) = w**2 - 77*w + 1801. Determine b(28).
429
Let b(r) = 1342*r + 1727. Give b(-1).
385
Let n(u) = 410*u**2 - 6587*u + 436. What is n(16)?
4
Let u(y) = 2*y**2 + 407*y - 29826. What is u(57)?
-129
Let k(i) = -9374*i + 2849704. Determine k(304).
8
Let n(b) = b**3 + 51*b**2 + 4*b - 1852. Calculate n(-50).
448
Let c(a) = -a**2 + 118*a - 1284. Determine c(115).
-939
Let w(j) = 760*j**2 - 79039*j + 234. What is w(104)?
338
Let d(g) = g**3 - 104*g**2 + 420*g - 98. Determine d(4).
-18
Let f(c) = 201*c + 2073. What is f(-6)?
867
Let a(n) = n**3 + 222*n**2 - 8168*n - 10085. Give a(-254).
75
Let j(r) = -10461*r - 41094. Calculate j(-4).
750
Let l(v) = v**2 + 99*v + 1825. Calculate l(-30).
-245
Let a(q) = -71*q - 9855. What is a(-145)?
440
Let d(m) = 49*m**2 + 1220*m + 208. Calculate d(-25).
333
Let l(g) = -2*g**2 - 164*g - 259. Give l(-92).
-2099
Let v(y) = -23*y + 1868. What is v(4)?
1776
Let u(n) = 7*n**2 - 185*n + 378. What is u(24)?
-30
Let w(z) = 139*z - 5389. Determine w(39).
32
Let w(y) = 2*y**3 - 1071*y + 13. What is w(0)?
13
Let d(r) = 840*r**2 - 382199*r - 430. Calculate d(455).
25
Let b(c) = -c**3 + 177*c**2 + 1039*c + 11414. Determine b(183).
617
Let s(p) = p**2 - 111*p + 907. Determine s(93).
-767
Let c(s) = 25*s**2 + 580*s - 1804. Determine c(-26).
16
Let p(x) = x**3 - 254*x**2 + 1012*x - 3620. What is p(250)?
-620
Let g(l) = l**2 + 17476*l + 1703036. Determine g(-98).
-8
Let d(j) = -2110*j + 5997. Determine d(3).
-333
Let m(f) = -19*f**3 - 442*f**2 - 257*f - 3321. What is m(-23)?
-55
Let r(n) = 321*n**2 - 11532*n - 855. Determine r(36).
9
Let o(y) = y**3 - 11*y**2 - 1326*y + 18940. Calculate o(15).
-50
Let l(j) = j**3 + j**2 - 232*j - 1375. Determine l(-10).
45
Let w(s) = 10*s**3 + 29*s**2 - 275*s + 78. Calculate w(-7).
-6
Let w(t) = -t**3 + 50*t**2 - 534*t - 973. Give w(18).
-217
Let j(v) = -60*v**3 + 165*v**2 + 156*v - 12. Determine j(-1).
57
Let z(q) = 254*q + 2364. Calculate z(-8).
332
Let n(z) = 120*z - 3553. What is n(29)?
-73
Let k(o) = o**3 + 64*o**2 + 20*o + 816. Determine k(-64).
-464
Let y(h) = h**3 + 202*h**2 - 4203*h + 88. Determine y(19).
12
Let m(g) = g**2 + 224*g - 2888. Calculate m(13).
193
Let q(h) = 538*h - 463. Calculate q(1).
75
Let s(l) = -4056*l + 2542973. Give s(627).
-139
Let r(n) = -3*n**2 + 139*n - 646. Give r(41).
10
Let f(o) = 44*o - 3308. Determine f(69).
-272
Let w(n) = 36*n**2 + 18665*n - 66298. Determine w(-522).
-4
Let p(q) = -209*q + 4275. Determine p(22).
-323
Let h(v) = -14*v**3 